{"id":1552,"date":"2015-02-18T21:38:47","date_gmt":"2015-02-18T19:38:47","guid":{"rendered":"http:\/\/www.literaturtelefon-online.de\/?page_id=1552"},"modified":"2015-05-03T23:13:02","modified_gmt":"2015-05-03T21:13:02","slug":"sherko-fatah","status":"publish","type":"page","link":"http:\/\/www.literaturtelefon-online.de\/?page_id=1552","title":{"rendered":"Sherko Fatah"},"content":{"rendered":"<div style=\"text-align: justify;\">\nAm Literaturtelefon unter der Rufnummer 0431\/901-8888 und auf www.literaturtelefon-online.de liest Sherko Fatah aus seinem im Luchterhand Literaturverlag erschienenen Roman \u201eDer letzte Ort\u201c. Die Aufnahme entstand im Rahmen einer Lesung im Literaturhaus Schleswig-Holstein am 18.2.2015.<\/p>\n<p><!--[if lt IE 9]><script>document.createElement('audio');<\/script><![endif]-->\n<audio class=\"wp-audio-shortcode\" id=\"audio-1552-1\" preload=\"none\" style=\"width: 100%;\" controls=\"controls\"><source type=\"audio\/mpeg\" src=\"http:\/\/www.schwungkunst.de\/literaturtelefon\/sherko_fatah_der_letzte_ort.mp3?_=1\" \/><a href=\"http:\/\/www.schwungkunst.de\/literaturtelefon\/sherko_fatah_der_letzte_ort.mp3\">http:\/\/www.schwungkunst.de\/literaturtelefon\/sherko_fatah_der_letzte_ort.mp3<\/a><\/audio><br \/>\n<br \/>\nIn \u201eDer letzte Ort\u201c erz\u00e4hlt Sherko Fatah, einer der renommiertesten deutschsprachigen Erz\u00e4hler seiner Generation, von der Entf\u00fchrung zweier M\u00e4nner im Irak \u2013 des deutschen Aussteigers Albert und seines mitgefangenen \u00dcbersetzers Osama. In der Gefangenschaft, der Willk\u00fcr ihrer Entf\u00fchrer ausgesetzt, entwickelt sich eine Freundschaft, und Osama wird f\u00fcr Albert zur Br\u00fccke in die fremde Kultur. Bis schlie\u00dflich beide in der aussichtslosen Situation an ihre Grenzen geraten und sich in ihrer eigenen Angst und im wachsenden Misstrauen gegen den anderen verlieren. Als ihnen die Flucht gelingt, ist zwischen ihnen nichts mehr wie zuvor &#8230;<\/p>\n<p><img loading=\"lazy\" decoding=\"async\" style=\"margin-left:40px;\" src=\"http:\/\/www.schwungkunst.de\/literaturtelefon\/sherko_fatah.jpg\" width=\"140\" height=\"206\" class=\"alignright\" \/><\/p>\n<p>Sherko Fatah, geboren 1964 in Ost-Berlin als Sohn eines irakischen Kurden und einer Deutschen, wuchs in der DDR auf und siedelte 1975 mit seiner Familie \u00fcber Wien nach West-Berlin \u00fcber. Er studierte Philosophie und Kunstgeschichte. F\u00fcr sein erz\u00e4hlerisches Werk erhielt er zahlreiche Auszeichnungen, u.a. den Aspekte-Literaturpreis f\u00fcr den Roman \u201eIm Grenzland\u201c, wurde mehrfach f\u00fcr den Preis der Leipziger Buchmesse (2008 mit \u201eDas dunkle Schiff\u201c, 2012 mit \u201eEin wei\u00dfes Land\u201c) nominiert und mit \u201eDas dunkle Schiff\u201c auf die Shortlist des Deutschen Buchpreises 2008 gew\u00e4hlt.<\/p>\n<p>Verlag: <a href=\"http:\/\/www.randomhouse.de\/Buch\/Der-letzte-Ort-Roman\/Sherko-Fatah\/e437615.rhd\" target=\"_blank\">Luchterhand Literaturverlag<\/a><\/p>\n<p>Foto: Jens Oellermann<\/p>\n<p>literaturtelefon-online.de | Telefon: 0431\/901-8888\n<\/p><\/div>\n","protected":false},"excerpt":{"rendered":"<p>Am Literaturtelefon unter der Rufnummer 0431\/901-8888 und auf www.literaturtelefon-online.de liest Sherko Fatah aus seinem im Luchterhand Literaturverlag erschienenen Roman \u201eDer letzte Ort\u201c. Die Aufnahme entstand im Rahmen einer Lesung im Literaturhaus Schleswig-Holstein am 18.2.2015. In \u201eDer letzte Ort\u201c erz\u00e4hlt Sherko Fatah, einer der renommiertesten deutschsprachigen Erz\u00e4hler seiner Generation, von der Entf\u00fchrung zweier M\u00e4nner im Irak [&hellip;]<\/p>\n","protected":false},"author":6,"featured_media":0,"parent":1567,"menu_order":1,"comment_status":"open","ping_status":"open","template":"","meta":{"footnotes":""},"class_list":["post-1552","page","type-page","status-publish","hentry"],"_links":{"self":[{"href":"http:\/\/www.literaturtelefon-online.de\/index.php?rest_route=\/wp\/v2\/pages\/1552","targetHints":{"allow":["GET"]}}],"collection":[{"href":"http:\/\/www.literaturtelefon-online.de\/index.php?rest_route=\/wp\/v2\/pages"}],"about":[{"href":"http:\/\/www.literaturtelefon-online.de\/index.php?rest_route=\/wp\/v2\/types\/page"}],"author":[{"embeddable":true,"href":"http:\/\/www.literaturtelefon-online.de\/index.php?rest_route=\/wp\/v2\/users\/6"}],"replies":[{"embeddable":true,"href":"http:\/\/www.literaturtelefon-online.de\/index.php?rest_route=%2Fwp%2Fv2%2Fcomments&post=1552"}],"version-history":[{"count":6,"href":"http:\/\/www.literaturtelefon-online.de\/index.php?rest_route=\/wp\/v2\/pages\/1552\/revisions"}],"predecessor-version":[{"id":1558,"href":"http:\/\/www.literaturtelefon-online.de\/index.php?rest_route=\/wp\/v2\/pages\/1552\/revisions\/1558"}],"up":[{"embeddable":true,"href":"http:\/\/www.literaturtelefon-online.de\/index.php?rest_route=\/wp\/v2\/pages\/1567"}],"wp:attachment":[{"href":"http:\/\/www.literaturtelefon-online.de\/index.php?rest_route=%2Fwp%2Fv2%2Fmedia&parent=1552"}],"curies":[{"name":"wp","href":"https:\/\/api.w.org\/{rel}","templated":true}]}}