{"id":1386,"date":"2014-09-22T13:40:39","date_gmt":"2014-09-22T11:40:39","guid":{"rendered":"http:\/\/www.literaturtelefon-online.de\/?page_id=1386"},"modified":"2014-09-29T08:32:06","modified_gmt":"2014-09-29T06:32:06","slug":"torsten-wolff","status":"publish","type":"page","link":"http:\/\/www.literaturtelefon-online.de\/?page_id=1386","title":{"rendered":"Torsten Wolff"},"content":{"rendered":"<div style=\"text-align: justify;\">\nAm Literaturtelefon unter 0431\/901-8888 und www.literaturtelefon-online.de liest Torsten Wolff seinen Slam-Poetry-Text \u201eLampedusa\u201c.<\/p>\n<p><!--[if lt IE 9]><script>document.createElement('audio');<\/script><![endif]-->\n<audio class=\"wp-audio-shortcode\" id=\"audio-1386-1\" preload=\"none\" style=\"width: 100%;\" controls=\"controls\"><source type=\"audio\/mpeg\" src=\"http:\/\/www.schwungkunst.de\/literaturtelefon\/torsten_wolff_lampedusa.mp3?_=1\" \/><a href=\"http:\/\/www.schwungkunst.de\/literaturtelefon\/torsten_wolff_lampedusa.mp3\">http:\/\/www.schwungkunst.de\/literaturtelefon\/torsten_wolff_lampedusa.mp3<\/a><\/audio><br \/>\n<\/p>\n<p>Torsten Wolff wohnt im sonnigen Kiel und schreibt Geschichten \u00fcber das Leben. Weil das Leben manchmal nicht so sch\u00f6n ist, sind seine Geschichten auch manchmal nicht sch\u00f6n. Aber damit man das nicht merkt, beschreibt er die Welt nicht so wie sie wirklich ist, sondern wie sie sein k\u00f6nnte. Und das ist dann meist noch viel trauriger.<\/p>\n<p>Trotzdem darf Torsten Wolff regelm\u00e4\u00dfig auf B\u00fchnen in Norddeutschland auftreten, denn dort hat man sich schon etwas an ihn gew\u00f6hnt. Einmal im Monat liest er auf der Kieler Leseb\u00fchne \u201eLesus Christus\u201c. Aus falsch verstandener politischer Offenheit finden sich viele seiner Texte in Anthologien wieder, die er selbst nach dem Buchtitel ausw\u00e4hlt.<\/p>\n<p><img loading=\"lazy\" decoding=\"async\" style=\"margin-left:40px;\" src=\"http:\/\/www.literaturtelefon-online.de\/beitrag-wolff\/torsten_wolff.jpg\" width=\"140\" height=\"218\" class=\"alignright\" \/><\/p>\n<p>Da die meisten Texte aber nicht genommen werden, hat er diese beim Blaulicht Verlag in den B\u00fcchern \u201eAlter sch\u00fctzt vor gar nichts\u201c (2014), \u201eW\u00fcrde ist ein Konjunktiv\u201c (2012) herausgebracht. Au\u00dferdem betreibt er die Webseite www.slampoet.de.<\/p>\n<p>Zuletzt war Torsten Wolff 2011 mit seinem Text <a href=\"http:\/\/www.literaturtelefon-online.de\/beitrag-wolff\/beitrag-wolff.php\">\u201eOhne Worte\u201c<\/a> am Literaturtelefon zu h\u00f6ren.<\/p>\n<p>Autor: <a href=\"http:\/\/www.slampoet.de\" target=\"_blank\">www.slampoet.de<\/a><\/p>\n<p>Verlag: <a href=\"http:\/\/www.blaulicht-verlag.de\/autoren\/torsten-wolff\/\" target=\"_blank\">Blaulicht Verlag<\/a><\/p>\n<p>Foto: Uwe Lehmann<\/p>\n<p>literaturtelefon-online.de | Telefon: 0431\/901-8888\n<\/p><\/div>\n","protected":false},"excerpt":{"rendered":"<p>Am Literaturtelefon unter 0431\/901-8888 und www.literaturtelefon-online.de liest Torsten Wolff seinen Slam-Poetry-Text \u201eLampedusa\u201c. Torsten Wolff wohnt im sonnigen Kiel und schreibt Geschichten \u00fcber das Leben. Weil das Leben manchmal nicht so sch\u00f6n ist, sind seine Geschichten auch manchmal nicht sch\u00f6n. Aber damit man das nicht merkt, beschreibt er die Welt nicht so wie sie wirklich ist, [&hellip;]<\/p>\n","protected":false},"author":6,"featured_media":0,"parent":1384,"menu_order":1,"comment_status":"open","ping_status":"open","template":"","meta":{"footnotes":""},"class_list":["post-1386","page","type-page","status-publish","hentry"],"_links":{"self":[{"href":"http:\/\/www.literaturtelefon-online.de\/index.php?rest_route=\/wp\/v2\/pages\/1386","targetHints":{"allow":["GET"]}}],"collection":[{"href":"http:\/\/www.literaturtelefon-online.de\/index.php?rest_route=\/wp\/v2\/pages"}],"about":[{"href":"http:\/\/www.literaturtelefon-online.de\/index.php?rest_route=\/wp\/v2\/types\/page"}],"author":[{"embeddable":true,"href":"http:\/\/www.literaturtelefon-online.de\/index.php?rest_route=\/wp\/v2\/users\/6"}],"replies":[{"embeddable":true,"href":"http:\/\/www.literaturtelefon-online.de\/index.php?rest_route=%2Fwp%2Fv2%2Fcomments&post=1386"}],"version-history":[{"count":6,"href":"http:\/\/www.literaturtelefon-online.de\/index.php?rest_route=\/wp\/v2\/pages\/1386\/revisions"}],"predecessor-version":[{"id":1403,"href":"http:\/\/www.literaturtelefon-online.de\/index.php?rest_route=\/wp\/v2\/pages\/1386\/revisions\/1403"}],"up":[{"embeddable":true,"href":"http:\/\/www.literaturtelefon-online.de\/index.php?rest_route=\/wp\/v2\/pages\/1384"}],"wp:attachment":[{"href":"http:\/\/www.literaturtelefon-online.de\/index.php?rest_route=%2Fwp%2Fv2%2Fmedia&parent=1386"}],"curies":[{"name":"wp","href":"https:\/\/api.w.org\/{rel}","templated":true}]}}