{"id":1186,"date":"2014-03-03T00:23:30","date_gmt":"2014-03-02T22:23:30","guid":{"rendered":"http:\/\/www.literaturtelefon-online.de\/?page_id=1186"},"modified":"2017-12-05T01:07:25","modified_gmt":"2017-12-04T23:07:25","slug":"roman-ehrlich","status":"publish","type":"page","link":"http:\/\/www.literaturtelefon-online.de\/?page_id=1186","title":{"rendered":"Roman Ehrlich"},"content":{"rendered":"<div style=\"text-align: justify;\">\n<p>Am Literaturtelefon unter 0431\/901-1156 und www.literaturtelefon-online.de liest Roman Ehrlich aus seinem im Dumont Buchverlag erschienenen Roman \u201eDas kalte Jahr\u201c. Die Aufnahme entstand im Rahmen der LeseLounge im Literaturhaus Schleswig-Holstein am 5.2.2014.<\/p>\n<p><iframe loading=\"lazy\" title=\"Roman Ehrlich: \u201eDas kalte Jahr&quot;\" width=\"500\" height=\"375\" src=\"https:\/\/www.youtube.com\/embed\/gs175H9GvM4?feature=oembed\" frameborder=\"0\" allow=\"accelerometer; autoplay; clipboard-write; encrypted-media; gyroscope; picture-in-picture; web-share\" referrerpolicy=\"strict-origin-when-cross-origin\" allowfullscreen><\/iframe><\/p>\n<p>Aus dem Nichts heraus \u00fcberkommt den Ich-Erz\u00e4hler aus Roman Ehrlichs Deb\u00fct-Roman \u201eDas kalte Jahr\u201c der Entschluss, sich zu Fu\u00df in Eisesk\u00e4lte auf einen Marsch Richtung Norden zum Haus seiner Kindheit zu begeben. Dort angekommen, sind seine Eltern verschwunden und das Haus bewohnt ein fremder Junge, der sich im alten Kinderzimmer zur\u00fcckzieht und an einem geheimnisvollen Projekt arbeitet. Nach und nach n\u00e4hern sich die Figuren einander an, indem der Mann dem Jungen historische Geschichten erz\u00e4hlt. Roman Ehrlich breitet ein r\u00e4tselhaftes Geschehen aus, das sich auf zwei Handlungsebenen bewegt, im Jetzt und auf der Ebene der Erz\u00e4hlungen, auf der die Frage nach Wahrheit und Fiktion verhandelt wird.<\/p>\n<p><img loading=\"lazy\" decoding=\"async\" style=\"margin-left:40px;\" src=\"http:\/\/www.literaturtelefon-online.de\/wp-content\/uploads\/2014\/03\/roman_ehrlich.jpg\" alt=\"roman_ehrlich\" width=\"140\" height=\"215\" class=\"alignright size-full wp-image-1191\" \/><\/p>\n<p>Roman Ehrlich, geboren 1983 in Aichach, aufgewachsen in Neuburg an der Donau, studierte am Deutschen Literaturinstitut Leipzig und an der Freien Universit\u00e4t Berlin. Er war Stipendiat der Werkstatttage des Wiener Burgtheaters, nominiert f\u00fcr den open mike und Teilnehmer der Autorenwerkstatt Prosa am LCB. F\u00fcr seinen Roman \u201eDas kalte Jahr\u201c (2013) erhielt er den F\u00f6rderpreis zum Bremer Literaturpreis sowie den Robert-Walser-Preis.<\/p>\n<p>Verlag: <a href=\"http:\/\/www.dumont-buchverlag.de\/buch\/Roman_Ehrlich_Das_kalte_Jahr\/12820\" target=\"_blank\">www.dumont-buchverlag.de<\/a><\/p>\n<p>Foto: Aylin Karadeniz<\/p>\n<p>literaturtelefon-online.de | Telefon: 0431\/901-1156\n<\/p><\/div>\n","protected":false},"excerpt":{"rendered":"<p>Am Literaturtelefon unter 0431\/901-1156 und www.literaturtelefon-online.de liest Roman Ehrlich aus seinem im Dumont Buchverlag erschienenen Roman \u201eDas kalte Jahr\u201c. Die Aufnahme entstand im Rahmen der LeseLounge im Literaturhaus Schleswig-Holstein am 5.2.2014. Aus dem Nichts heraus \u00fcberkommt den Ich-Erz\u00e4hler aus Roman Ehrlichs Deb\u00fct-Roman \u201eDas kalte Jahr\u201c der Entschluss, sich zu Fu\u00df in Eisesk\u00e4lte auf einen Marsch [&hellip;]<\/p>\n","protected":false},"author":6,"featured_media":0,"parent":1184,"menu_order":1,"comment_status":"open","ping_status":"open","template":"","meta":{"footnotes":""},"class_list":["post-1186","page","type-page","status-publish","hentry"],"_links":{"self":[{"href":"http:\/\/www.literaturtelefon-online.de\/index.php?rest_route=\/wp\/v2\/pages\/1186","targetHints":{"allow":["GET"]}}],"collection":[{"href":"http:\/\/www.literaturtelefon-online.de\/index.php?rest_route=\/wp\/v2\/pages"}],"about":[{"href":"http:\/\/www.literaturtelefon-online.de\/index.php?rest_route=\/wp\/v2\/types\/page"}],"author":[{"embeddable":true,"href":"http:\/\/www.literaturtelefon-online.de\/index.php?rest_route=\/wp\/v2\/users\/6"}],"replies":[{"embeddable":true,"href":"http:\/\/www.literaturtelefon-online.de\/index.php?rest_route=%2Fwp%2Fv2%2Fcomments&post=1186"}],"version-history":[{"count":9,"href":"http:\/\/www.literaturtelefon-online.de\/index.php?rest_route=\/wp\/v2\/pages\/1186\/revisions"}],"predecessor-version":[{"id":2622,"href":"http:\/\/www.literaturtelefon-online.de\/index.php?rest_route=\/wp\/v2\/pages\/1186\/revisions\/2622"}],"up":[{"embeddable":true,"href":"http:\/\/www.literaturtelefon-online.de\/index.php?rest_route=\/wp\/v2\/pages\/1184"}],"wp:attachment":[{"href":"http:\/\/www.literaturtelefon-online.de\/index.php?rest_route=%2Fwp%2Fv2%2Fmedia&parent=1186"}],"curies":[{"name":"wp","href":"https:\/\/api.w.org\/{rel}","templated":true}]}}