{"id":1073,"date":"2013-11-10T04:45:05","date_gmt":"2013-11-10T02:45:05","guid":{"rendered":"http:\/\/www.literaturtelefon-online.de\/?page_id=1073"},"modified":"2017-12-05T01:44:24","modified_gmt":"2017-12-04T23:44:24","slug":"judith-kuckart","status":"publish","type":"page","link":"http:\/\/www.literaturtelefon-online.de\/?page_id=1073","title":{"rendered":"Judith Kuckart"},"content":{"rendered":"<div style=\"text-align: justify;\">\n<p>Am Literaturtelefon unter 0431\/901-1156 und www.literaturtelefon-online.de liest Judith Kuckart aus ihren im Dumont-Buchverlag erschienenen Roman \u201eW\u00fcnsche\u201c. Die Aufnahme entstand im Rahmen einer Lesung Kuckarts im Literaturhaus Schleswig-Holstein am 6.11.2013.<\/p>\n<p><iframe loading=\"lazy\" title=\"Judith Kuckart: \u201eWu\u0308nsche&quot;\" width=\"500\" height=\"375\" src=\"https:\/\/www.youtube.com\/embed\/1bCu-Fohtjg?feature=oembed\" frameborder=\"0\" allow=\"accelerometer; autoplay; clipboard-write; encrypted-media; gyroscope; picture-in-picture; web-share\" referrerpolicy=\"strict-origin-when-cross-origin\" allowfullscreen><\/iframe><\/p>\n<p>Silvester in einer westdeutschen Kleinstadt. Vera eignet sich an ihrem 46. Geburtstag eine fremde Identit\u00e4t an und haut ab. London ist Inbegriff ihrer W\u00fcnsche, Versprechen eines neuen Lebens. Ihr Verschwinden ist eine Herausforderung f\u00fcr Mann, Sohn und enge Freunde \u2013 auch sie s\u00e4mtlich in Umbruchsituationen: Der Ehemann, der schon auf der Schwelle zum Alter steht, der Sohn, der gerade das Elternhaus verl\u00e4sst, ein fr\u00fcherer Geliebter, der den Ausweg aus einer beruflichen Krise sucht, und die Jugendfreunde, die Geschwister Friedrich und Meret W\u00fcnsche, die nach Jahren in der Fremde ihren Traum leben, das unzeitgem\u00e4\u00dfe und unrentable elterliche Warenhaus als \u201eHaus W\u00fcnsche\u201c neu zu beleben.<\/p>\n<p><img loading=\"lazy\" decoding=\"async\" style=\"margin-left: 40px;\" src=\"http:\/\/www.literaturtelefon-online.de\/wp-content\/uploads\/2013\/11\/judith_kuckart.jpg\" alt=\"judith_kuckart\" width=\"140\" height=\"151\" class=\"alignright size-full wp-image-1076\" \/><\/p>\n<p>Judith Kuckart erz\u00e4hlt in ihrem neuen, siebten Roman \u201eW\u00fcnsche\u201c von den Sehns\u00fcchten ihrer Helden und ihrer Herkunft, und sie erz\u00e4hlt vor allem von jenen Aufbruchtr\u00e4umen in der Mitte des Lebens, denen die eigene Geschichte enge Grenzen setzt.<\/p>\n<p>Judith Kuckart, Jahrgang 1959, von Haus aus T\u00e4nzerin, Choreografin und Regisseurin und seit den 90er Jahren mit ihren Erz\u00e4hlungen und Romanen erfolgreich, nimmt mit \u201eW\u00fcnsche\u201c ein Grundthema auf, das auch fr\u00fchere Romane wie \u201eLenas Liebe\u201c (2002) und \u201eDer Bibliothekar\u201c (1998) bestimmte.<\/p>\n<p>Autorin: <a href=\"http:\/\/www.judithkuckart.de\" target=\"_blank\">www.judithkuckart.de<\/a><\/p>\n<p>Verlag: <a href=\"http:\/\/www.dumont-buchverlag.de\/buch\/Judith_Kuckart_Wuensche\/12215\" target=\"_blank\">Dumont-Buchverlag<\/a><\/p>\n<p>Foto: Dimitri Leltschuk<\/p>\n<p>literaturtelefon-online.de | Telefon: 0431\/901-1156<\/p>\n<\/div>\n","protected":false},"excerpt":{"rendered":"<p>Am Literaturtelefon unter 0431\/901-1156 und www.literaturtelefon-online.de liest Judith Kuckart aus ihren im Dumont-Buchverlag erschienenen Roman \u201eW\u00fcnsche\u201c. Die Aufnahme entstand im Rahmen einer Lesung Kuckarts im Literaturhaus Schleswig-Holstein am 6.11.2013. Silvester in einer westdeutschen Kleinstadt. Vera eignet sich an ihrem 46. Geburtstag eine fremde Identit\u00e4t an und haut ab. London ist Inbegriff ihrer W\u00fcnsche, Versprechen eines [&hellip;]<\/p>\n","protected":false},"author":6,"featured_media":0,"parent":1082,"menu_order":2,"comment_status":"open","ping_status":"open","template":"","meta":{"footnotes":""},"class_list":["post-1073","page","type-page","status-publish","hentry"],"_links":{"self":[{"href":"http:\/\/www.literaturtelefon-online.de\/index.php?rest_route=\/wp\/v2\/pages\/1073","targetHints":{"allow":["GET"]}}],"collection":[{"href":"http:\/\/www.literaturtelefon-online.de\/index.php?rest_route=\/wp\/v2\/pages"}],"about":[{"href":"http:\/\/www.literaturtelefon-online.de\/index.php?rest_route=\/wp\/v2\/types\/page"}],"author":[{"embeddable":true,"href":"http:\/\/www.literaturtelefon-online.de\/index.php?rest_route=\/wp\/v2\/users\/6"}],"replies":[{"embeddable":true,"href":"http:\/\/www.literaturtelefon-online.de\/index.php?rest_route=%2Fwp%2Fv2%2Fcomments&post=1073"}],"version-history":[{"count":5,"href":"http:\/\/www.literaturtelefon-online.de\/index.php?rest_route=\/wp\/v2\/pages\/1073\/revisions"}],"predecessor-version":[{"id":2660,"href":"http:\/\/www.literaturtelefon-online.de\/index.php?rest_route=\/wp\/v2\/pages\/1073\/revisions\/2660"}],"up":[{"embeddable":true,"href":"http:\/\/www.literaturtelefon-online.de\/index.php?rest_route=\/wp\/v2\/pages\/1082"}],"wp:attachment":[{"href":"http:\/\/www.literaturtelefon-online.de\/index.php?rest_route=%2Fwp%2Fv2%2Fmedia&parent=1073"}],"curies":[{"name":"wp","href":"https:\/\/api.w.org\/{rel}","templated":true}]}}