{"id":1052,"date":"2013-10-23T19:34:50","date_gmt":"2013-10-23T17:34:50","guid":{"rendered":"http:\/\/www.literaturtelefon-online.de\/?page_id=1052"},"modified":"2017-12-05T01:42:52","modified_gmt":"2017-12-04T23:42:52","slug":"nils-aulike","status":"publish","type":"page","link":"http:\/\/www.literaturtelefon-online.de\/?page_id=1052","title":{"rendered":"Nils Aulike"},"content":{"rendered":"<div style=\"text-align: justify;\">\n<p>Am Literaturtelefon unter 0431\/901-1156 und www.literaturtelefon-online.de liest Nils Aulike bislang unver\u00f6ffentlichte Gedichte aus den Sammlungen \u201eweiche ziele\u201c, \u201eso zeug\u201c und \u201eleidplankentod\u201c.<\/p>\n<p><iframe loading=\"lazy\" title=\"Nils Aulike - unvero\u0308ffentlichte Gedichte\" width=\"500\" height=\"375\" src=\"https:\/\/www.youtube.com\/embed\/LHOlQbelv6k?feature=oembed\" frameborder=\"0\" allow=\"accelerometer; autoplay; clipboard-write; encrypted-media; gyroscope; picture-in-picture; web-share\" referrerpolicy=\"strict-origin-when-cross-origin\" allowfullscreen><\/iframe><\/p>\n<p>Nils Aulike \u2013 Poetische Polaroids: Seine Gedichte entstehen unter dem Gewicht des Allt\u00e4glichen und Allgegenw\u00e4rtigen. Immer ein \u00fcbersehbares jedoch erdr\u00fcckend eindr\u00fcckliches Detail zu Beginn: ein Blick, eine Bewegung, ein Gef\u00fchl, ein Ger\u00e4usch, eine Versunkenheit in eine T\u00e4tigkeit. Die Welt ist immer weniger als wir denken. Kleinigkeiten. Geknippste Gegenwart. Die Tiefensch\u00e4rfe willk\u00fcrlich, nimmt Nils Aulike das, was auf ihn f\u00e4llt. Perspektivwechsel. Diese Gedichte sind Nachstimmungen und -justierungen, folgen den Eindr\u00fccken, die die Welt im Empfinden des Autors hinterl\u00e4sst. Abgegossener Klang des Stillstands.<\/p>\n<p><img loading=\"lazy\" decoding=\"async\" style=\"margin-left:40px;\" src=\"http:\/\/www.literaturtelefon-online.de\/wp-content\/uploads\/2013\/10\/nils_aulike.jpg\" alt=\"nils_aulike\" width=\"140\" height=\"193\" class=\"alignright size-full wp-image-1053\" \/><\/p>\n<p>Nils Aulike, geboren 1971, war Jahrzehnte sprachlos vor lauter Welt und wei\u00df, dass einer, der sich Geh\u00f6r verschafft, im Grunde auch nur f\u00fcr einen kurzen Moment mit stumpfen Worten gegen den universalen Tinnitus anschreit und -schreibt, der un\u00fcbert\u00f6nbar ist.<\/p>\n<p>Autor: <a href=\"http:\/\/www.brombeerfisch.de\" target=\"_blank\">www.brombeerfisch.de<\/a><\/p>\n<p>Foto: \u00f6gyr<\/p>\n<p>literaturtelefon-online.de | Telefon: 0431\/901-1156\n<\/p><\/div>\n","protected":false},"excerpt":{"rendered":"<p>Am Literaturtelefon unter 0431\/901-1156 und www.literaturtelefon-online.de liest Nils Aulike bislang unver\u00f6ffentlichte Gedichte aus den Sammlungen \u201eweiche ziele\u201c, \u201eso zeug\u201c und \u201eleidplankentod\u201c. Nils Aulike \u2013 Poetische Polaroids: Seine Gedichte entstehen unter dem Gewicht des Allt\u00e4glichen und Allgegenw\u00e4rtigen. Immer ein \u00fcbersehbares jedoch erdr\u00fcckend eindr\u00fcckliches Detail zu Beginn: ein Blick, eine Bewegung, ein Gef\u00fchl, ein Ger\u00e4usch, eine Versunkenheit [&hellip;]<\/p>\n","protected":false},"author":6,"featured_media":0,"parent":1057,"menu_order":2,"comment_status":"open","ping_status":"open","template":"","meta":{"footnotes":""},"class_list":["post-1052","page","type-page","status-publish","hentry"],"_links":{"self":[{"href":"http:\/\/www.literaturtelefon-online.de\/index.php?rest_route=\/wp\/v2\/pages\/1052","targetHints":{"allow":["GET"]}}],"collection":[{"href":"http:\/\/www.literaturtelefon-online.de\/index.php?rest_route=\/wp\/v2\/pages"}],"about":[{"href":"http:\/\/www.literaturtelefon-online.de\/index.php?rest_route=\/wp\/v2\/types\/page"}],"author":[{"embeddable":true,"href":"http:\/\/www.literaturtelefon-online.de\/index.php?rest_route=\/wp\/v2\/users\/6"}],"replies":[{"embeddable":true,"href":"http:\/\/www.literaturtelefon-online.de\/index.php?rest_route=%2Fwp%2Fv2%2Fcomments&post=1052"}],"version-history":[{"count":4,"href":"http:\/\/www.literaturtelefon-online.de\/index.php?rest_route=\/wp\/v2\/pages\/1052\/revisions"}],"predecessor-version":[{"id":2658,"href":"http:\/\/www.literaturtelefon-online.de\/index.php?rest_route=\/wp\/v2\/pages\/1052\/revisions\/2658"}],"up":[{"embeddable":true,"href":"http:\/\/www.literaturtelefon-online.de\/index.php?rest_route=\/wp\/v2\/pages\/1057"}],"wp:attachment":[{"href":"http:\/\/www.literaturtelefon-online.de\/index.php?rest_route=%2Fwp%2Fv2%2Fmedia&parent=1052"}],"curies":[{"name":"wp","href":"https:\/\/api.w.org\/{rel}","templated":true}]}}