{"id":1012,"date":"2013-09-26T01:56:28","date_gmt":"2013-09-25T23:56:28","guid":{"rendered":"http:\/\/www.literaturtelefon-online.de\/?page_id=1012"},"modified":"2017-12-05T01:40:36","modified_gmt":"2017-12-04T23:40:36","slug":"paul-lennart-vollmers","status":"publish","type":"page","link":"http:\/\/www.literaturtelefon-online.de\/?page_id=1012","title":{"rendered":"Paul Lennart Vollmers"},"content":{"rendered":"<div style=\"text-align: justify;\">\n<p>Am Literaturtelefon unter 0431\/901-1156 und www.literaturtelefon-online.de liest Paul Lennart Vollmers seinen lyrischen Text \u201eNeue Luft\u201c, mit dem er sich Anfang August 2013 als Zweitplatzieter der Kieler Stadtmeisterschaft f\u00fcr die <a href=\"http:\/\/www.u20slam2013.de\" target=\"_blank\">10. deutschsprachigen U20-Meisterschaften (18. \u2013 21.9.2013) in Kiel<\/a> qualifizierte.<\/p>\n<p><iframe loading=\"lazy\" title=\"Paul Lennart Vollmers: &quot;Neue Luft&quot;\" width=\"500\" height=\"375\" src=\"https:\/\/www.youtube.com\/embed\/1OIixj0_SG4?feature=oembed\" frameborder=\"0\" allow=\"accelerometer; autoplay; clipboard-write; encrypted-media; gyroscope; picture-in-picture; web-share\" referrerpolicy=\"strict-origin-when-cross-origin\" allowfullscreen><\/iframe><\/p>\n<p>Paul Lennart Vollmers, geboren 1994, begann erst vor Kurzem mit dem Schreiben. Anregung daf\u00fcr waren nicht nur Goethe-Lekt\u00fcre, sondern auch Poetry Slams. In seinem Text \u201eNeue Luft\u201c reflektiert er, wie Poetry Slams aktuelle politische Themen aufgreifen und so seine dichterische Feder stimulierten, es selber einmal zu versuchen.<\/p>\n<p>Das tat der Kieler recht erfolgreich. Bei den U20-Stadtmeisterschaften in Kiel am 8.8.2013 in der Pumpe (woher die Aufnahme f\u00fcr das Literaturtelefon stammt), unterlag er nur knapp <a href=\"http:\/\/www.literaturtelefon-online.de\/?page_id=975\">Hinnerk K\u00f6hn<\/a>. Die \u201eKieler Nachrichten\u201c berichteten dar\u00fcber <a href=\"http:\/\/www.u20slam2013.de\/KN_130810.pdf\" target=\"_blank\">wie folgt<\/a>: <em>\u201eDass Paul Lennart die Kieler U20-Slam-Krone aufgesetzt wird, kommt f\u00fcr ihn \u00fcberraschend. Nicht nur, weil er es seinem Vorrunden-Text \u201eKeinen Gedanken verschwenden\u201c, der in lyrischer Prosa beklagt, wie wenig Sturm und Drang gegen die himmelschreienden Ungerechtigkeiten der Welt in einer tr\u00e4ge und ohrlos f\u00fcr das Leid der Mitmenschen gewordenen Zeit losbricht, kaum zugetraut h\u00e4tte, der Publikumsjury die erste H\u00f6chstwertung von 10 Punkten zu entlocken. Auch, weil er im Finale mit nur einem knappen Punkt Hinnerk K\u00f6hn (&#8230;) unterliegt. Doch Hinnerk hat sich vor ein paar Tagen schon in Hamburg f\u00fcr die deutschsprachige Meisterschaft qualifiziert, so ist der Kieler Vize-Stadtmeister jetzt ihr U20-Slam-Botschafter.\u201c<\/em><\/p>\n<p><img loading=\"lazy\" decoding=\"async\" style=\"margin-left:40px;\" src=\"http:\/\/www.literaturtelefon-online.de\/wp-content\/uploads\/2013\/09\/paul_lennart_vollmers.jpg\" alt=\"paul_lennart_vollmers\" width=\"140\" height=\"202\" class=\"alignright size-full wp-image-1014\" \/><\/p>\n<p>Vollmers ver\u00f6ffentlichte im Juni 2013 im Selbstverlag seine erste Kompilation von Slam-Texten \u201eSpezies Mensch\u201c. Auf <a href=\"http:\/\/www.youtube.com\/watch?v=OY0Yt5Tar7k\" target=\"_blank\">Youtube<\/a> berichtet er, wie er zum Schreiben kam und warum Poetry Slam sein Medium f\u00fcr die \u201eneue Luft\u201c beim Schreiben ist.<\/p>\n<p>Autor: <a href=\"http:\/\/www.youtube.com\/watch?v=OY0Yt5Tar7k\" target=\"_blank\">bei Youtube<\/a><\/p>\n<p>Foto: \u00f6gyr<\/p>\n<p>literaturtelefon-online.de | Telefon: 0431\/901-1156\n<\/p><\/div>\n","protected":false},"excerpt":{"rendered":"<p>Am Literaturtelefon unter 0431\/901-1156 und www.literaturtelefon-online.de liest Paul Lennart Vollmers seinen lyrischen Text \u201eNeue Luft\u201c, mit dem er sich Anfang August 2013 als Zweitplatzieter der Kieler Stadtmeisterschaft f\u00fcr die 10. deutschsprachigen U20-Meisterschaften (18. \u2013 21.9.2013) in Kiel qualifizierte. Paul Lennart Vollmers, geboren 1994, begann erst vor Kurzem mit dem Schreiben. Anregung daf\u00fcr waren nicht nur [&hellip;]<\/p>\n","protected":false},"author":6,"featured_media":0,"parent":1035,"menu_order":1,"comment_status":"open","ping_status":"open","template":"","meta":{"footnotes":""},"class_list":["post-1012","page","type-page","status-publish","hentry"],"_links":{"self":[{"href":"http:\/\/www.literaturtelefon-online.de\/index.php?rest_route=\/wp\/v2\/pages\/1012","targetHints":{"allow":["GET"]}}],"collection":[{"href":"http:\/\/www.literaturtelefon-online.de\/index.php?rest_route=\/wp\/v2\/pages"}],"about":[{"href":"http:\/\/www.literaturtelefon-online.de\/index.php?rest_route=\/wp\/v2\/types\/page"}],"author":[{"embeddable":true,"href":"http:\/\/www.literaturtelefon-online.de\/index.php?rest_route=\/wp\/v2\/users\/6"}],"replies":[{"embeddable":true,"href":"http:\/\/www.literaturtelefon-online.de\/index.php?rest_route=%2Fwp%2Fv2%2Fcomments&post=1012"}],"version-history":[{"count":7,"href":"http:\/\/www.literaturtelefon-online.de\/index.php?rest_route=\/wp\/v2\/pages\/1012\/revisions"}],"predecessor-version":[{"id":2655,"href":"http:\/\/www.literaturtelefon-online.de\/index.php?rest_route=\/wp\/v2\/pages\/1012\/revisions\/2655"}],"up":[{"embeddable":true,"href":"http:\/\/www.literaturtelefon-online.de\/index.php?rest_route=\/wp\/v2\/pages\/1035"}],"wp:attachment":[{"href":"http:\/\/www.literaturtelefon-online.de\/index.php?rest_route=%2Fwp%2Fv2%2Fmedia&parent=1012"}],"curies":[{"name":"wp","href":"https:\/\/api.w.org\/{rel}","templated":true}]}}